{"id":23,"date":"2007-12-17T10:41:33","date_gmt":"2007-12-17T09:41:33","guid":{"rendered":"http:\/\/www.atvomsolscheid.de\/wordpress\/?page_id=23"},"modified":"2025-01-08T17:14:24","modified_gmt":"2025-01-08T16:14:24","slug":"zuchterin","status":"publish","type":"page","link":"https:\/\/www.atvomsolscheid.de\/wordpress\/zuchterin\/","title":{"rendered":"Z\u00fcchterin"},"content":{"rendered":"\n<p style=\"text-align: justify;\"><span style=\"font-size: small;\">Mein Name ist Elke Uhlemann (geb.Rauschelbach) &#8211; seit 1972 besitze ich Airedale-Terrier, seit 1992 z\u00fcchte ich unter dem Zwingernamen <code>vom Solscheid <\/code>diese wunderbare Rasse, seit 2009 bin ich Zuchtwart im Klub f\u00fcr Terrier \/VDH.<\/span><\/p>\n<p style=\"text-align: justify;\"><span style=\"font-size: small;\"> Als Jugendliche und junge Erwachsene hatte ich zwei Airedaler\u00fcden &#8211; nacheinander &#8211; mit denen ich intensiv Hundesport machte. Beide Hunde habe ich bis VPG 3 und FH1 ausgebildet und auch regelm\u00e4\u00dfig auf Wettk\u00e4mpfen gef\u00fchrt. Diese Hunde begleiteten mich w\u00e4hrend Schulzeit und Studium \u00fcberall hin, teilten mit mir alle Sorgen und Freuden und auch meine relativ beengten Studentenwohnverh\u00e4ltnisse!<\/span><\/p>\n<p style=\"text-align: center;\"><img loading=\"lazy\" decoding=\"async\" title=\"Elke Uhlemann\" src=\"https:\/\/www.atvomsolscheid.de\/wordpress\/grafiken\/elke.jpg\" width=\"430\" height=\"281\" border=\"1\" hspace=\"0\" vspace=\"0\" \/><\/p>\n<p style=\"text-align: justify;\"><span style=\"font-size: small;\">1990 &#8211; mittlerweile verheiratet und Mutter zweier T\u00f6chter &#8211; regte sich dann in mir der Wunsch, eine Airedale-Terrier H\u00fcndin zu erwerben, um mit ihr, falls zuchttauglich, eine Zucht aufzubauen. Als Diplomagraringenieur mit Schwerpunktfach Tierzucht und -haltung glaubte ich, gute Voraussetzungen zu haben, um das &#8222;Wagnis des Z\u00fcchtens&#8220; auf mich zu nehmen. Au\u00dferdem hatten wir nun einen eher l\u00e4ndlichen Wohnsitz mit viel Platz im und am Haus. Mit dieser Vorgabe kam dann &#8222;Imke v. Schlo\u00df Corvey&#8220; als Welpe zu uns ins Haus. Diese Wahl hat sich als sehr gut erwiesen; denn Imke ist eine gute Zuchth\u00fcndin geworden (HDA2, VPG 3, FH 1, 39 Welpen in 4 W\u00fcrfen) und wurde Stammmutter aller Solscheider. Triebfeder f\u00fcr meine z\u00fcchterischen Aktivit\u00e4ten war und ist, immer gesunde, aktive Airedale-Terrier zu z\u00fcchten, mit denen man all das in seiner Freizeit machen kann, was einem vorschwebt. Jegliche Art von Hundesport &#8211; falls gew\u00fcnscht, Einsatz als Jagdhund &#8211; Rettungshund &#8211; oder auch einfach &#8222;nur&#8220; Familienhund!\u00a0 Au\u00dferdem macht es mir viel Freude mitzuerleben, wie Welpen aufwachsen und wie sehr man als Z\u00fcchter auf dieses Heranwachsen Einfluss nehmen kann.<\/span><\/p>\n<p>UPDATE : Zuk\u00fcnftig wird es keine weiteren W\u00fcrfe mehr geben! Alles hat seine Zeit!!<\/p>\n<p>&nbsp;<\/p>\n<p style=\"text-align: center;\"><img loading=\"lazy\" decoding=\"async\" style=\"display: inline; border-top: 1px solid black; border-left: 1px solid; border-bottom: 1px solid black;\" title=\"Elke Uhlemann\" src=\"https:\/\/www.atvomsolscheid.de\/wordpress\/grafiken\/elke2.jpg\" width=\"256\" height=\"384\" hspace=\"0\" vspace=\"0\" \/><img loading=\"lazy\" decoding=\"async\" style=\"display: inline; border-top: 1px solid black; border-right: 1px solid; border-bottom: 1px solid black;\" title=\"Elke Uhlemann\" src=\"https:\/\/www.atvomsolscheid.de\/wordpress\/grafiken\/elke3.jpg\" width=\"337\" height=\"384\" hspace=\"0\" vspace=\"0\" \/><\/p>\n<p><img decoding=\"async\" class=\"aligncenter wp-image-1741 size-full\" src=\"https:\/\/www.atvomsolscheid.de\/wordpress\/wp-content\/uploads\/2020\/03\/RBT_0918_web.jpg\" alt=\"\" width=\"625\" height=\"\" srcset=\"https:\/\/www.atvomsolscheid.de\/wordpress\/wp-content\/uploads\/2020\/03\/RBT_0918_web.jpg 960w, https:\/\/www.atvomsolscheid.de\/wordpress\/wp-content\/uploads\/2020\/03\/RBT_0918_web-300x200.jpg 300w, https:\/\/www.atvomsolscheid.de\/wordpress\/wp-content\/uploads\/2020\/03\/RBT_0918_web-768x512.jpg 768w\" sizes=\"(max-width: 960px) 100vw, 960px\" \/><\/p>\n","protected":false},"excerpt":{"rendered":"<p> \tMein Name ist Elke Uhlemann (geb.Rauschelbach) &#8211; seit 1972 besitze ich Airedale-Terrier, seit 1992 z\u00fcchte ich unter dem Zwingernamen vom Solscheid diese wunderbare Rasse, seit 2009 bin ich Zuchtwart im Klub f\u00fcr Terrier \/VDH. Als Jugendliche und junge Erwachsene hatte ich zwei Airedaler\u00fcden &#8211; nacheinander &#8211; mit denen ich intensiv Hundesport machte. Beide Hunde habe [&hellip;]<\/p>\n","protected":false},"author":3,"featured_media":0,"parent":0,"menu_order":3,"comment_status":"closed","ping_status":"closed","template":"","meta":{"footnotes":""},"class_list":["post-23","page","type-page","status-publish","hentry"],"_links":{"self":[{"href":"https:\/\/www.atvomsolscheid.de\/wordpress\/wp-json\/wp\/v2\/pages\/23","targetHints":{"allow":["GET"]}}],"collection":[{"href":"https:\/\/www.atvomsolscheid.de\/wordpress\/wp-json\/wp\/v2\/pages"}],"about":[{"href":"https:\/\/www.atvomsolscheid.de\/wordpress\/wp-json\/wp\/v2\/types\/page"}],"author":[{"embeddable":true,"href":"https:\/\/www.atvomsolscheid.de\/wordpress\/wp-json\/wp\/v2\/users\/3"}],"replies":[{"embeddable":true,"href":"https:\/\/www.atvomsolscheid.de\/wordpress\/wp-json\/wp\/v2\/comments?post=23"}],"version-history":[{"count":7,"href":"https:\/\/www.atvomsolscheid.de\/wordpress\/wp-json\/wp\/v2\/pages\/23\/revisions"}],"predecessor-version":[{"id":2660,"href":"https:\/\/www.atvomsolscheid.de\/wordpress\/wp-json\/wp\/v2\/pages\/23\/revisions\/2660"}],"wp:attachment":[{"href":"https:\/\/www.atvomsolscheid.de\/wordpress\/wp-json\/wp\/v2\/media?parent=23"}],"curies":[{"name":"wp","href":"https:\/\/api.w.org\/{rel}","templated":true}]}}

Züchterin

<p style="text-align: justify;"><span style="font-size: small;">Mein Name ist Elke Uhlemann (geb.Rauschelbach) &#8211; seit 1972 besitze ich Airedale-Terrier, seit 1992 züchte ich unter dem Zwingernamen <code>vom Solscheid </code>diese wunderbare Rasse, seit 2009 bin ich Zuchtwart im Klub für Terrier /VDH.</span></p>
<p style="text-align: justify;"><span style="font-size: small;"> Als Jugendliche und junge Erwachsene hatte ich zwei Airedalerüden &#8211; nacheinander &#8211; mit denen ich intensiv Hundesport machte. Beide Hunde habe ich bis VPG 3 und FH1 ausgebildet und auch regelmäßig auf Wettkämpfen geführt. Diese Hunde begleiteten mich während Schulzeit und Studium überall hin, teilten mit mir alle Sorgen und Freuden und auch meine relativ beengten Studentenwohnverhältnisse!</span></p>
<p style="text-align: center;"><img loading="lazy" decoding="async" title="Elke Uhlemann" src="https://www.atvomsolscheid.de/wordpress/grafiken/elke.jpg" width="430" height="281" border="1" hspace="0" vspace="0" /></p>
<p style="text-align: justify;"><span style="font-size: small;">1990 &#8211; mittlerweile verheiratet und Mutter zweier Töchter &#8211; regte sich dann in mir der Wunsch, eine Airedale-Terrier Hündin zu erwerben, um mit ihr, falls zuchttauglich, eine Zucht aufzubauen. Als Diplomagraringenieur mit Schwerpunktfach Tierzucht und -haltung glaubte ich, gute Voraussetzungen zu haben, um das &#8222;Wagnis des Züchtens&#8220; auf mich zu nehmen. Außerdem hatten wir nun einen eher ländlichen Wohnsitz mit viel Platz im und am Haus. Mit dieser Vorgabe kam dann &#8222;Imke v. Schloß Corvey&#8220; als Welpe zu uns ins Haus. Diese Wahl hat sich als sehr gut erwiesen; denn Imke ist eine gute Zuchthündin geworden (HDA2, VPG 3, FH 1, 39 Welpen in 4 Würfen) und wurde Stammmutter aller Solscheider. Triebfeder für meine züchterischen Aktivitäten war und ist, immer gesunde, aktive Airedale-Terrier zu züchten, mit denen man all das in seiner Freizeit machen kann, was einem vorschwebt. Jegliche Art von Hundesport &#8211; falls gewünscht, Einsatz als Jagdhund &#8211; Rettungshund &#8211; oder auch einfach &#8222;nur&#8220; Familienhund!  Außerdem macht es mir viel Freude mitzuerleben, wie Welpen aufwachsen und wie sehr man als Züchter auf dieses Heranwachsen Einfluss nehmen kann.</span></p>
<p>UPDATE : Zukünftig wird es keine weiteren Würfe mehr geben! Alles hat seine Zeit!!</p>
<p>&nbsp;</p>
<p style="text-align: center;"><img loading="lazy" decoding="async" style="display: inline; border-top: 1px solid black; border-left: 1px solid; border-bottom: 1px solid black;" title="Elke Uhlemann" src="https://www.atvomsolscheid.de/wordpress/grafiken/elke2.jpg" width="256" height="384" hspace="0" vspace="0" /><img loading="lazy" decoding="async" style="display: inline; border-top: 1px solid black; border-right: 1px solid; border-bottom: 1px solid black;" title="Elke Uhlemann" src="https://www.atvomsolscheid.de/wordpress/grafiken/elke3.jpg" width="337" height="384" hspace="0" vspace="0" /></p>
<p><img decoding="async" class="aligncenter wp-image-1741 size-full" src="https://www.atvomsolscheid.de/wordpress/wp-content/uploads/2020/03/RBT_0918_web.jpg" alt="" width="625" height="" srcset="https://www.atvomsolscheid.de/wordpress/wp-content/uploads/2020/03/RBT_0918_web.jpg 960w, https://www.atvomsolscheid.de/wordpress/wp-content/uploads/2020/03/RBT_0918_web-300x200.jpg 300w, https://www.atvomsolscheid.de/wordpress/wp-content/uploads/2020/03/RBT_0918_web-768x512.jpg 768w" sizes="(max-width: 960px) 100vw, 960px" /></p>

<p> 	Mein Name ist Elke Uhlemann (geb.Rauschelbach) &#8211; seit 1972 besitze ich Airedale-Terrier, seit 1992 züchte ich unter dem Zwingernamen vom Solscheid diese wunderbare Rasse, seit 2009 bin ich Zuchtwart im Klub für Terrier /VDH. Als Jugendliche und junge Erwachsene hatte ich zwei Airedalerüden &#8211; nacheinander &#8211; mit denen ich intensiv Hundesport machte. Beide Hunde habe [&hellip;]</p>
