{"id":335,"date":"2011-08-26T13:14:11","date_gmt":"2011-08-26T11:14:11","guid":{"rendered":"http:\/\/www.atvomsolscheid.de\/wordpress\/?page_id=335"},"modified":"2026-02-01T09:36:57","modified_gmt":"2026-02-01T08:36:57","slug":"wurfplanung-2","status":"publish","type":"page","link":"https:\/\/www.atvomsolscheid.de\/wordpress\/wurfplanung-2\/","title":{"rendered":"Wurfplanung"},"content":{"rendered":"<p> \t&nbsp;<\/p>\n<p>Ich m\u00f6chte die Gelegenheit nutzen, meine Entscheidung mitzuteilen, dass es in Zukunft keine Solscheider Airedale Terrier Welpen mehr geben wird. Alles hat seine Zeit!!<\/p>\n<p>Ich habe lange mit mir gerungen, bin jedoch zu dem Ergebnis gekommen, dass man dann aufh\u00f6ren sollte, wenn alles noch gut l\u00e4uft. Den Z-Wurf vom Solscheid wird es nicht mehr geben, obwohl Holly noch fit wie ein Turnschuh ist! Aber schnell hat man den Absprung verpasst! Einen Wurf Welpen gro\u00df zu ziehen ist eine sehr arbeitsintensive, nat\u00fcrlich auch wundersch\u00f6ne Zeit, die aber auch extrem anstrengend ist und bedarf der vollen Kraft des Z\u00fcchters. <em>Ich<\/em> werde leider nicht j\u00fcnger!!<\/p>\n<p>Ich bedanke mich bei allen Besitzern der Solscheider Airedale Terrier f\u00fcr das mir in 32 Jahren entgegen gebrachte Vertrauen &#8211; manch einer hat\/hatte\u00a0 nicht nur einen Solscheider an seiner Seite , sondern mehrere begleiteten ein St\u00fcck des Weges!<\/p>\n<p>&nbsp;<\/p>\n<p>&nbsp;<\/p>\n","protected":false},"excerpt":{"rendered":"<p> \t&nbsp; Ich m\u00f6chte die Gelegenheit nutzen, meine Entscheidung mitzuteilen, dass es in Zukunft keine Solscheider Airedale Terrier Welpen mehr geben wird. Alles hat seine Zeit!! Ich habe lange mit mir gerungen, bin jedoch zu dem Ergebnis gekommen, dass man dann aufh\u00f6ren sollte, wenn alles noch gut l\u00e4uft. Den Z-Wurf vom Solscheid wird es nicht mehr [&hellip;]<\/p>\n","protected":false},"author":1,"featured_media":0,"parent":0,"menu_order":3,"comment_status":"open","ping_status":"closed","template":"","meta":{"footnotes":""},"class_list":["post-335","page","type-page","status-publish","hentry"],"_links":{"self":[{"href":"https:\/\/www.atvomsolscheid.de\/wordpress\/wp-json\/wp\/v2\/pages\/335","targetHints":{"allow":["GET"]}}],"collection":[{"href":"https:\/\/www.atvomsolscheid.de\/wordpress\/wp-json\/wp\/v2\/pages"}],"about":[{"href":"https:\/\/www.atvomsolscheid.de\/wordpress\/wp-json\/wp\/v2\/types\/page"}],"author":[{"embeddable":true,"href":"https:\/\/www.atvomsolscheid.de\/wordpress\/wp-json\/wp\/v2\/users\/1"}],"replies":[{"embeddable":true,"href":"https:\/\/www.atvomsolscheid.de\/wordpress\/wp-json\/wp\/v2\/comments?post=335"}],"version-history":[{"count":66,"href":"https:\/\/www.atvomsolscheid.de\/wordpress\/wp-json\/wp\/v2\/pages\/335\/revisions"}],"predecessor-version":[{"id":2761,"href":"https:\/\/www.atvomsolscheid.de\/wordpress\/wp-json\/wp\/v2\/pages\/335\/revisions\/2761"}],"wp:attachment":[{"href":"https:\/\/www.atvomsolscheid.de\/wordpress\/wp-json\/wp\/v2\/media?parent=335"}],"curies":[{"name":"wp","href":"https:\/\/api.w.org\/{rel}","templated":true}]}}