{"id":609,"date":"2015-10-06T13:06:09","date_gmt":"2015-10-06T12:06:09","guid":{"rendered":"http:\/\/www.atvomsolscheid.de\/wordpress\/?page_id=609"},"modified":"2019-11-15T12:47:02","modified_gmt":"2019-11-15T11:47:02","slug":"u2-vom-solscheid","status":"publish","type":"page","link":"https:\/\/www.atvomsolscheid.de\/wordpress\/deckruden\/u2-vom-solscheid\/","title":{"rendered":"U2 vom Solscheid"},"content":{"rendered":"<p> \t<img loading=\"lazy\" decoding=\"async\" class=\"alignleft wp-image-1683 size-full\" src=\"https:\/\/www.atvomsolscheid.de\/wordpress\/wp-content\/uploads\/2019\/11\/ahnentafel_u2.png\" alt=\"\" width=\"633\" height=\"325\" srcset=\"https:\/\/www.atvomsolscheid.de\/wordpress\/wp-content\/uploads\/2019\/11\/ahnentafel_u2.png 633w, https:\/\/www.atvomsolscheid.de\/wordpress\/wp-content\/uploads\/2019\/11\/ahnentafel_u2-300x154.png 300w\" sizes=\"auto, (max-width: 633px) 100vw, 633px\" \/><\/p>\n<p><strong>&#8222;U2 vom Solscheid&#8220; *05.02.2013<\/strong><\/p>\n<p><strong>U2<\/strong> (Besitzerin Bettina Wolff, Wolfratshausen) ist ein temperamentvoller R\u00fcde mit vorz\u00fcglicher Veranlagung f\u00fcr alle Sparten im Hundesport.<\/p>\n<p>Er verk\u00f6rpert den Typ des Allrounders \u2013 tags\u00fcber unkompliziert mit den anderen, kleineren Hunden und den Enkelkindern der Besitzerin \u2013 am Abend dann auf dem Hundeplatz ein Energieb\u00fcndel, was arbeiten m\u00f6chte. In der F\u00e4hrte will er keine Fehler machen, in der Unterordnung fehlt noch ein wenig der Feinschliff und im Schutzdienst ist er stets voll bei der Sache! Alles in Allem ein richtiger ! Airedale R\u00fcde.<\/p>\n<p>Der R\u00fcde verf\u00fcgt \u00fcber ein hartes, drahtiges Haar mit intensiver Farbe und einer tiefschwarzen Decke.<\/p>\n<p>U2 hat einen HD Zuchtwert von 85, selbst wurde er mit A2 befundet &#8211; f\u00fcnf seiner Wurfgeschwister sind ebenfalls HD frei &#8211; sein ED Zuchtwert betr\u00e4gt 91 &#8211; er selbst ist ED 0, sowie alle ger\u00f6ntgten Wurfgeschwister auch.<\/p>\n<p>Im Herbst 2018 bestand er die K\u00f6rung des KfT und erhielt die Wertmessziffern 5-45a.<\/p>\n<p><strong>Er wurde in folgenden Zwingern eingesetzt:<\/strong><\/p>\n<p>B Wurf &#8222;vom Feichelberg&#8220;\u00a0 &#8211;\u00a0 Fleur Delacour vom Wiesenholz 21.\/22.2.18 eingedeckt<\/p>\n<p><strong>Downloads:<\/strong><\/p>\n<ul>\n<li><a href=\"https:\/\/www.atvomsolscheid.de\/wordpress\/wp-content\/uploads\/2018\/12\/Leistungsrichterbewertung_Koerung_2018_10_07.pdf\" target=\"_blank\" rel=\"noopener noreferrer\">Leistungsrichterbewertung als PDF<\/a><\/li>\n<\/ul>\n<p><img decoding=\"async\" src=\"https:\/\/www.atvomsolscheid.de\/wordpress\/wp-content\/uploads\/2015\/10\/u2_vom_solscheid_088.jpg\" alt=\"U2 vom Solscheid\" width=\"633\" \/><\/p>\n<p><img decoding=\"async\" src=\"https:\/\/www.atvomsolscheid.de\/wordpress\/wp-content\/uploads\/2015\/10\/u2_vom_solscheid_1507.jpg\" alt=\"U2 vom Solscheid\" width=\"633\" \/><\/p>\n<p><img decoding=\"async\" src=\"https:\/\/www.atvomsolscheid.de\/wordpress\/wp-content\/uploads\/2015\/10\/u2_vom_solscheid_p1220763.jpg\" alt=\"U2 vom Solscheid\" width=\"633\" \/><\/p>\n","protected":false},"excerpt":{"rendered":"<p> \t&#8222;U2 vom Solscheid&#8220; *05.02.2013 U2 (Besitzerin Bettina Wolff, Wolfratshausen) ist ein temperamentvoller R\u00fcde mit vorz\u00fcglicher Veranlagung f\u00fcr alle Sparten im Hundesport. Er verk\u00f6rpert den Typ des Allrounders \u2013 tags\u00fcber unkompliziert mit den anderen, kleineren Hunden und den Enkelkindern der Besitzerin \u2013 am Abend dann auf dem Hundeplatz ein Energieb\u00fcndel, was arbeiten m\u00f6chte. In der F\u00e4hrte [&hellip;]<\/p>\n","protected":false},"author":1,"featured_media":0,"parent":21,"menu_order":0,"comment_status":"open","ping_status":"closed","template":"","meta":{"footnotes":""},"class_list":["post-609","page","type-page","status-publish","hentry"],"_links":{"self":[{"href":"https:\/\/www.atvomsolscheid.de\/wordpress\/wp-json\/wp\/v2\/pages\/609","targetHints":{"allow":["GET"]}}],"collection":[{"href":"https:\/\/www.atvomsolscheid.de\/wordpress\/wp-json\/wp\/v2\/pages"}],"about":[{"href":"https:\/\/www.atvomsolscheid.de\/wordpress\/wp-json\/wp\/v2\/types\/page"}],"author":[{"embeddable":true,"href":"https:\/\/www.atvomsolscheid.de\/wordpress\/wp-json\/wp\/v2\/users\/1"}],"replies":[{"embeddable":true,"href":"https:\/\/www.atvomsolscheid.de\/wordpress\/wp-json\/wp\/v2\/comments?post=609"}],"version-history":[{"count":11,"href":"https:\/\/www.atvomsolscheid.de\/wordpress\/wp-json\/wp\/v2\/pages\/609\/revisions"}],"predecessor-version":[{"id":1686,"href":"https:\/\/www.atvomsolscheid.de\/wordpress\/wp-json\/wp\/v2\/pages\/609\/revisions\/1686"}],"up":[{"embeddable":true,"href":"https:\/\/www.atvomsolscheid.de\/wordpress\/wp-json\/wp\/v2\/pages\/21"}],"wp:attachment":[{"href":"https:\/\/www.atvomsolscheid.de\/wordpress\/wp-json\/wp\/v2\/media?parent=609"}],"curies":[{"name":"wp","href":"https:\/\/api.w.org\/{rel}","templated":true}]}}